, 3, 1831
What are the prime factors of 8695?
5, 37, 47
What are the prime factors of 97544?
2, 89, 137
List the prime factors of 88058.
2, 44029
List the prime factors of 3883.
11, 353
List the prime factors of 48572.
2, 12143
What are the prime factors of 13644?
2, 3, 379
What are the prime factors of 210?
2, 3, 5, 7
List the prime factors of 90404.
2, 97, 233
What are the prime factors of 132?
2, 3, 11
What are the prime factors of 4503?
3, 19, 79
What are the prime factors of 321?
3, 107
List the prime factors of 58490.
2, 5, 5849
What are the prime factors of 5656?
2, 7, 101
List the prime factors of 7259.
7, 17, 61
What are the prime factors of 940?
2, 5, 47
List the prime factors of 178.
2, 89
What are the prime factors of 71902?
2, 35951
List the prime factors of 61796.
2, 7, 2207
List the prime factors of 9919.
7, 13, 109
List the prime factors of 1227.
3, 409
List the prime factors of 317.
317
List the prime factors of 21205.
5, 4241
List the prime factors of 16437.
3, 5479
What are the prime factors of 4783?
4783
List the prime factors of 1403.
23, 61
List the prime factors of 396.
2, 3, 11
List the prime factors of 251.
251
List the prime factors of 140.
2, 5, 7
List the prime factors of 54751.
54751
List the prime factors of 100427.
29, 3463
What are the prime factors of 1904?
2, 7, 17
What are the prime factors of 2002?
2, 7, 11, 13
List the prime factors of 5163.
3, 1721
What are the prime factors of 692?
2, 173
What are the prime factors of 104?
2, 13
List the prime factors of 1421.
7, 29
List the prime factors of 56401.
56401
List the prime factors of 569.
569
List the prime factors of 5658.
2, 3, 23, 41
List the prime factors of 1913.
1913
List the prime factors of 2587.
13, 199
List the prime factors of 1863.
3, 23
What are the prime factors of 9786?
2, 3, 7, 233
What are the prime factors of 937?
937
List the prime factors of 2847.
3, 13, 73
List the prime factors of 4730.
2, 5, 11, 43
What are the prime factors of 178946?
2, 131, 683
What are the prime factors of 3128?
2, 17, 23
What are the prime factors of 29606?
2, 113, 131
List the prime factors of 5078.
2, 2539
List the prime factors of 22.
2, 11
What are the prime factors of 820?
2, 5, 41
List the prime factors of 16257.
3, 5419
List the prime factors of 9052.
2, 31, 73
List the prime factors of 67356.
2, 3, 1871
What are the prime factors of 1572?
2, 3, 131
List the prime factors of 219.
3, 73
List the prime factors of 7036.
2, 1759
What are the prime factors of 50791?
13, 3907
What are the prime factors of 4827?
3, 1609
What are the prime factors of 13865?
5, 47, 59
List the prime factors of 24654.
2, 3, 7, 587
List the prime factors of 938.
2, 7, 67
What are the prime factors of 178664?
2, 23, 971
What are the prime factors of 984?
2, 3, 41
What are the prime factors of 6316?
2, 1579
List the prime factors of 9041.
9041
What are the prime factors of 1783?
1783
List the prime factors of 5963.
67, 89
List the prime factors of 14546.
2, 7, 1039
List the prime factors of 4071.
3, 23, 59
What are the prime factors of 1410?
2, 3, 5, 47
List the prime factors of 44.
2, 11
What are the prime factors of 655?
5, 131
What are the prime factors of 6856?
2, 857
List the prime factors of 601.
601
What are the prime factors of 172236?
2, 3, 31, 463
List the prime factors of 49844.
2, 17, 733
What are the prime factors of 1107?
3, 41
List the prime factors of 19607.
7, 2801
What are the prime factors of 1240?
2, 5, 31
What are the prime factors of 1878?
2, 3, 313
What are the prime factors of 8684?
2, 13, 167
What are the prime factors of 9940?
2, 5, 7, 71
What are the prime factors of 15379?
7, 13
What are the prime factors of 8163?
3, 907
List the prime factors of 5396.
2, 19, 71
List the prime factors of 9277.
9277
What are the prime factors of 10823?
79, 137
List the prime factors of 31300.
2, 5, 313
What are the prime factors of 716?
2, 179
List the prime factors of 16690.
2, 5, 1669
List the prime factors of 984.
2, 3, 41
List the prime factors of 105867.
3, 1307
List the prime factors of 202.
2, 101
What are the prime factors of 5805?
3, 5, 43
List the prime factors of 2978.
2, 1489
What are the prime factors of 7779?
3, 2593
What are the prime factors of 1703?
13, 131
List the prime factors of 15509.
13, 1193
List the prime factors of 6576.
2, 3, 137
What are the prime factors of 3338?
2, 1669
What are the prime factors of 2510?
2, 5, 251
List the prime factors of 430.
2, 5, 43
List the prime factors of 1841.
7, 263
List the prime factors of 23324.
2, 7, 17
List the prime factors of 44948.
2, 17, 661
List the prime factors of 116937.
3, 61, 71
List the prime factors of 5487.
3, 31, 59
What are the prime factors of 20063?
20063
What are the prime factors of 2368?
2, 37
What are the prime factors of 54932?
2, 31, 443
List the prime factors of 8465.
5, 1693
List the prime factors of 6282.
2, 3, 349
What are the prime factors of 1117?
1117
What are the prime factors of 15707?
113, 139
What are the prime factors of 360?
2, 3, 5
List the prime factors of 44944.
2, 53
List the prime factors of 4.
2
What are the prime factors of 11171?
11171
What are the prime factors of 6341?
17, 373
What are the prime factors of 1984?
2, 31
List the prime factors of 151517.
151517
List the prime factors of 20224.
2, 79
List the prime factors of 52819.
13, 17, 239
What are the prime factors of 34911?
3, 431
List the prime factors of 3376.
2, 211
List the prime factors of 72960.
2, 3, 5, 19
List the prime factors of 6583.
29, 227
What are the prime factors of 1303?
1303
What are the prime factors of 15483?
3, 13, 397
List the prime factors of 51654.
2, 3, 8609
List the prime factors of 8150.
2, 5, 163
What are the prime factors of 26671?
149, 179
What are the prime factors of 16005?
3, 5, 11, 97
What are the prime factors of 49682?
2, 24841
What are the prime factors of 2387?
7, 11, 31
What are the prime factors of 11880?
2, 3, 5, 11
List the prime factors of 201.
3, 67
What are the prime factors of 1028?
2, 257
List the prime factors of 3538.
2, 29, 61
List the prime factors of 2450.
2, 5, 7
List the prime factors of 25856.
2, 101
What are the prime factors of 7755?
3, 5, 11, 47
List the prime factors of 1872.
2, 3, 13
List the prime factors of 50617.
7, 1033
List the prime factors of 6625.
5, 53
What are the prime factors of 2647?
2647
List the prime factors of 1912.
2, 239
What are the prime factors of 6672?
2, 3, 139
List the prime factors of 742.
2, 7, 53
What are the prime factors of 1991?
11, 181
List the prime factors of 175598.
2, 19, 4621
List the prime factors of 1281.
3, 7, 61
What are the prime factors of 675?
3, 5
What are the prime factors of 55044?
2, 3, 11, 139
What are the prime factors of 1013?
1013
What are the prime factors of 4347?
3, 7, 23
What are the prime factors of 3613?
3613
List the prime factors of 21822.
2, 3, 3637
What are the prime factors of 4481?
4481
What are the prime factors of 1376?
2, 43
What are the prime factors of 494?
2, 13, 19
List the prime factors of 48032.
2, 19, 79
What are the prime factors of 675?
3, 5
List the prime factors of 1086.
2, 3, 181
List the prime factors of 1297.
1297
List the prime factors of 1043.
7, 149
What are the prime factors of 189?
3, 7
List the prime factors of 4726.
2, 17, 139
List the prime factors of 25209.
3, 2801
What are the prime factors of 38476?
2, 9619
List the prime factors of 556.
2, 139
What are the prime factors of 2592?
2, 3
What are the prime factors of 13479?
3, 4493
What are the prime factors of 10844?
2, 2711
List the prime factors of 119.
7, 17
What are the prime factors of 2599?
23, 113
What are the prime factors of 1873?
1873
What are the prime factors of 22382?
2, 19, 31
List the prime factors of 366.
2, 3, 61
List the prime factors of 22948.
2, 5737
What are the prime factors of 3540?
2, 3, 5, 59
List the prime factors of 9542.
2, 13, 367
List the prime factors of 2251.
2251
List the prime factors of 27687.
3, 11, 839
List the prime factors of 3450.
2, 3, 5, 23
What are the prime factors of 757?
757
List the prime factors of 2750.
2, 5, 11
What are the prime factors of 726?
2, 3, 11
What are the prime factors of 760?
2, 5, 19
List the prime factors of 29186.
2, 14593
List the prime factors of 141